et a = 59 + k. What is the units digit of a?
0
Suppose -55 = -4*q + 93. Let b = q - 19. What is the tens digit of b?
1
Let k = -49 + 82. What is the units digit of k?
3
What is the units digit of (-7 + -1)*(-2 - 8)?
0
Suppose -40 - 26 = -2*d. Suppose d = -3*o - 27. What is the units digit of (16/o)/((-2)/10)?
4
Suppose -2*c + 20 = 2*v, -v = -2*c + 2*v - 5. What is the units digit of c?
5
Suppose 9*h = 5*h + 260. What is the units digit of h?
5
Suppose 0 = -2*w - 2*w + 8. Suppose -3*x = -w*o + 29, 3*x = -5 + 2. What is the units digit of o?
3
Suppose 5*t = 336 + 399. What is the hundreds digit of t?
1
Suppose 0 = 3*i - 7*i + 8. Suppose -2*t = i*s - 26, 7 = t - 3*s - 2*s. What is the units digit of t?
2
Let w be 1*5/(10/8). Suppose 0*y + w*y = 5*m, 5*m = -3*y + 35. Suppose 20 = y*k - 10. What is the units digit of k?
6
Let t = -1 - -12. Let l = t + -7. Suppose 3*y = -3*b - 3, -l*y = 6*b - b. What is the units digit of b?
4
Let w(i) = 4*i + 11 - 5*i + 2*i. Suppose 0 = 4*d, 2*h + 6*d + 10 = d. What is the units digit of w(h)?
6
Let v(w) = 2*w - 4. Let t be v(3). Suppose 3*b + 4*r - 43 = -t*b, -b = 2*r - 5. What is the units digit of b?
1
Let x(q) = 32*q - 1. Let v be x(1). Suppose -2*b - 4*o + 24 = -0*b, 2*b - 3*o - v = 0. Let l = -5 + b. What is the units digit of l?
9
What is the units digit of (-15)/(-25) - (-72)/5?
5
Suppose 4*s = -3*b + 101, 3*s - 22 = -5*b + 139. Let l = 54 - b. What is the units digit of l?
3
Let m be (-1*10)/(-2) - -1. Let s = m - 4. Suppose -3*y - 3*q + 29 = s, -10 = -2*y + 2*q. What is the units digit of y?
7
Let u(v) = -v**3 + 5*v**2 - 2*v + 6. Let l be u(5). Let s(w) = w**3 + 4*w**2 - 3*w - 6. Let p be s(-4). Let q = l + p. What is the units digit of q?
2
Let u = 3 + -1. Suppose 26 = 3*l - u*b, -3*b + 0 = 3. Let r = l + -4. What is the units digit of r?
4
Let x(d) = 3*d**2 + 10*d**2 + 6*d**2 + 1 + 6*d**2. What is the tens digit of x(1)?
2
Suppose 2*w = 4*w - 22. Suppose 3*r + 2*f - 2 = 6, w = r - f. What is the units digit of r?
6
Suppose 2*q = -2*s - 3*q - 15, s + 5*q + 20 = 0. Suppose 10 = -0*w + s*w. What is the units digit of -3 + w - (-27)/3?
8
Let d = -15 - -23. Let x(a) = 2*a + 2. What is the units digit of x(d)?
8
Let d(p) = -4*p - 2*p**3 - 10 - p - 6*p**2 + 3*p**3. What is the units digit of d(7)?
4
Suppose 2*c - 10 + 2 = 0. Suppose -c*o + 2 = -2. What is the units digit of o + -1 - (6 - 15)?
9
Suppose 5*z + 44 = o, -3*o - 2*z = -5*o + 72. What is the units digit of o?
4
Let b(f) = f**3 - 6*f**2 - 11*f - 6. What is the hundreds digit of b(9)?
1
Let g = -2 + 4. Let h(s) = 2 - 2 - s + 11*s**2 + g - 1. What is the tens digit of h(1)?
1
Suppose 10 = 2*b - 0*b. Suppose 0 = 3*l - 2*v - 106, -23 - 3 = -l + 3*v. Suppose b*x = l + 2. What is the units digit of x?
8
Let j(n) = 3*n - 1. Let a be j(2). Let q(f) = f**2 + 2*f. Let i be q(-2). Let r = i + a. What is the units digit of r?
5
Let w(f) = -f**3 + 9*f**2 + 10*f - 13. Let r be w(10). Let j be (-1 - 0)*(-1)/1. What is the tens digit of -3 - (r + 1 - j)?
1
Let f(a) = -a**2 - 4*a + 0*a - 3*a - 4. Let d be f(-5). Suppose 5*x + 5*h - 65 = 0, 0 = -d*x + 4*x - 4*h + 28. What is the units digit of x?
2
What is the tens digit of 4/6 + (-280)/(-12)?
2
Let c be (-3 - (3 - 9)) + -2. Let i(y) = 27*y**2 - y. Let n be i(c). Let a = n + -9. What is the tens digit of a?
1
Let n(k) = -k**3 - 7*k**2 + 2. Let f be n(-3). Let y = 12 - 31. Let d = y - f. What is the units digit of d?
5
Let h = 0 + 5. Let i(t) = t**2 - 3*t - 1. What is the units digit of i(h)?
9
Let u be -1*141/(-6)*-2. Let y = 116 + u. Suppose -5*j - 5 = -6*j, -4*c + y = 5*j. What is the tens digit of c?
1
Suppose 4*y = -3*j + 44, -2*y - 3*j + 16 = -0*j. What is the tens digit of y?
1
Suppose 7 = -5*c - 3. Let k be 4 + -2 - 2/c. Suppose -4*i = -2*o - 6, 2*o + 4 - 1 = k*i. What is the units digit of i?
3
Let f be (4/(-10))/((-5)/50). Suppose 2*w + 15 = 5*h, -2 = -4*h - f*w - 18. What is the units digit of h?
1
Let h(u) = u**3 - 17*u**2 + 17*u + 5. What is the units digit of h(16)?
1
Let s be (10/(-15))/((-2)/9). Suppose 0 = -4*i + z + 44, 2*z + s*z = 0. What is the tens digit of i?
1
Let o = 0 + 3. Suppose -3 = -o*z - 0*z. What is the units digit of z?
1
Let w(c) = -3*c**2 - c - 11. Let v(m) = m**2 + 1. Let a(h) = 4*v(h) + w(h). What is the tens digit of a(-6)?
3
Suppose -3 - 7 = s. Let f = 17 + s. Let n(d) = d**2 - 5*d - 4. What is the tens digit of n(f)?
1
Let t(p) = -3*p**3 + p**2 + p - 1. Let l be t(1). What is the units digit of l/(-11) - (-648)/66?
0
Let f(b) = 2*b**3 - b**2 + 2*b - 1. Let q = -7 - -9. What is the tens digit of f(q)?
1
Let v be (-4)/(-14) + (-24)/(-14). Let b(p) = 3*p**v + 3 - 2*p**2 - 5*p + 4*p - 5*p. What is the units digit of b(8)?
9
Let y be (-198)/15*(-7 - -2). Let n be y/15*5/2. Suppose 37 - n = 2*q. What is the tens digit of q?
1
Suppose -2*z = -6*z + 4. Let p be 0 + z*-2 - 0. What is the units digit of (2/p)/(-2 - -1)?
1
Let u be 0 + (-6)/(-1 - 2). Let h be (-1)/(-2 - -3) + 2. Let n = u + h. What is the units digit of n?
3
Let l(h) = -h**3 - 11*h**2 + 8*h - 14. What is the units digit of l(-12)?
4
Let h = -27 - -53. What is the units digit of h?
6
Let z be 99/12*16/6. Suppose 4 = -2*w + z. What is the units digit of (-3 - -1)*w/(-6)?
3
Let o be 1/2*10*1. Suppose 5*p - o*z - 50 = 0, -2*p + 4*z - z = -22. Let w(h) = h**2 - 6*h - 8. What is the units digit of w(p)?
8
Let j = 8 + -5. Suppose 2*m - 28 = -4*g, -j*g + 15 = -0*g. Let i = m - 0. What is the units digit of i?
4
Suppose 4 = -3*g + 28. What is the units digit of g?
8
Let u be 57/3 + -1 + 0. Let t = 13 - u. What is the units digit of t/(10/4) + 8?
6
Let l = -12 - -2. Let h = l - -8. Let f = h - -7. What is the units digit of f?
5
Let z(r) = r**3 - 4*r**2 + 4*r. Let x be z(3). Suppose d = -5*v - 0 - 1, x*d - 10 = -2*v. Suppose 3*c + d = -2*s + 17, 3 = c. What is the units digit of s?
2
Suppose -4*k + f + 6 = 0, -2*f = -k - 0*f + 5. Let v(s) = 10*s**3 - s**2. What is the units digit of v(k)?
9
Suppose 2*y = -2*b + 460, 3*y + b = 942 - 244. What is the hundreds digit of y?
2
Let z = 2 + 2. Let c(f) = 6*f - 2. What is the tens digit of c(z)?
2
Let i = -25 + 50. What is the tens digit of i?
2
Let t(m) = -m**2 + m + 223. What is the hundreds digit of t(0)?
2
Let h(a) = -4*a + 5. Let n be h(8). Let g be (-7)/(2 + n/12). Suppose -2*d - 64 = -4*z - 6*d, z - 5*d = g. What is the tens digit of z?
1
Let h = 107 + -66. What is the tens digit of h?
4
Let c be ((3 - 1) + 2)/1. Let n be (-3)/(6/(-2))*c. Suppose -n = -q - q. What is the units digit of q?
2
Let k be 9 - 11 - (1 + 1). Let v = k + 7. What is the units digit of v?
3
Let v(g) = 102*g. Let m be v(1). Suppose 2*z - m + 28 = 0. What is the units digit of z?
7
Suppose -p = -2*l + 8, 5*l + 2 = -p + 8. Let r be l/7 - 4/14. Suppose r = o - 5 - 2. What is the units digit of o?
7
Suppose q - 6 = -q. Suppose -c = q*c - 92. What is the tens digit of c?
2
Let s(k) = -k**2 + 20*k - 17. What is the tens digit of s(17)?
3
Let m = 46 - -25. What is the units digit of m?
1
Let k(i) = i**3 + 4*i**2 - 7*i - 7. Let d be k(-5). Suppose 0*z + 115 = 5*z + 4*g, 0 = d*z - 4*g - 37. Let o = 31 - z. What is the tens digit of o?
1
Suppose -28 = -3*o + 5*q, 13 = 3*o - 2*o + 2*q. What is the tens digit of 2/o - (-916)/44?
2
What is the units digit of (2/(-5))/((-2)/100)?
0
Let v = -8 - -16. Let m be (9/(-6))/((-1)/2). Let n = v + m. What is the tens digit of n?
1
What is the units digit of 38/(-4)*5/((-15)/12)?
8
Suppose 0 - 4 = -2*w. Let x be w/(-11) + (-92)/(-22). Suppose 3*d - x*d + 10 = 0. What is the units digit of d?
0
Let r(z) = -z**3 - 7*z**2 - 7. What is the tens digit of r(-8)?
5
Let i(n) = n**3 + 5*n**2 + 2*n - 5*n**2 + 11*n**2 - 3*n**2. What is the units digit of i(-3)?
9
Let d be (-5)/(15/9) + -19. What is the units digit of d/(-5) + 2/(-5)?
4
Let k(j) = 9*j + 3. Let i be k(4). Let m = 55 - i. What is the units digit of m?
6
What is the tens digit of 147*(10/(-5))/(-2)?
4
Let k be (-4 + 0)*(0 + -1). Suppose -4*d - k = 16, 2*q - 40 = 4*d. What is the units digit of q?
0
Suppose 0*h - 2*h + 2 = 0. What is the units digit of 9*h/(1/1)?
9
What is the units digit of -5 - (-5 + (-1146)/3)?
2
Let s = -13 + 46. What is the units digit of s?
3
Let x be 0/((1/(-1))/(-1)). Suppose 5*s + g = -33, -4*g + x*g = 2*s +